atest common divisor of i and 82?
41
Suppose 18*y = 12*y + 2406. Let p = y - 772. Let f be p/(-14) - (-2)/4. What is the greatest common factor of 216 and f?
27
Suppose -4*q = -3*o + 231, 13*q - 16*q + 171 = 2*o. Let f(i) = 8*i - 6. Let a be f(3). Calculate the highest common divisor of o and a.
9
Suppose 2*y = -l - 204, 2*l = y + 80 + 32. Let z = y + 90. Let a be ((-60)/50)/(z/(-20) + -1). Calculate the highest common factor of a and 44.
4
Let m(t) = 3*t + 36. Let k be m(-5). Let q(s) = 2*s**3 - 13*s**2 + 4*s + 21. Let c be q(6). What is the greatest common factor of c and k?
3
Suppose 1227 = 33*s - 3096. Calculate the highest common factor of s and 7991.
131
Suppose -2*o + 4*v + 0*v + 816 = 0, 0 = -2*o - 5*v + 825. Let i be (41/7)/(6/21)*2. What is the highest common factor of o and i?
41
Suppose -2*o = 2*o - v, -5*v - 20 = 0. Let f be (o - (-52)/4)*(-189)/(-14). What is the highest common factor of f and 18?
18
Suppose -c - 43 = -2*f + 76, 2*c + f = -213. Let g = c + 461. What is the highest common factor of g and 16?
16
Let j = -16835 + 26720. Calculate the greatest common factor of 15 and j.
15
Suppose 2*t - 528 = 5*o, 0 = 2*o + 25 - 13. What is the greatest common divisor of t and 6?
3
Let o(x) = 3*x**3 - 5*x**2 - 1. Let s be o(10). Calculate the highest common factor of 294 and s.
147
Suppose -37*n + 5049 = 669 - 2613. What is the highest common factor of n and 11529?
189
Suppose -7*g = -2*d + 87, 16 = -4*d - 5*g + 209. What is the highest common factor of 8789 and d?
47
Let k = -122 + 125. Suppose 0 = 3*z + 4*r - 991, k*z - 4*z - 4*r = -341. What is the highest common factor of z and 13?
13
Suppose -5*t - 33 = 2*w, -19*t - 5*w + 33 = -23*t. Let q be (-156)/(-364) - 74/t. Calculate the greatest common divisor of 176 and q.
11
Let o be (13172/(-1924))/(1/(-13)). Calculate the highest common divisor of 89 and o.
89
Let b(v) = -18*v - 14*v - 21*v + 61*v. Let h be b(2). Let r be h*(-4)/((-80)/6)*5. Calculate the greatest common divisor of 168 and r.
24
Let o(w) = w**3 - 20*w**2 + 10*w + 199. Let a be o(19). Suppose 140 = 5*r - 0*r. What is the greatest common factor of r and a?
28
Let l be 0 - 6*4/(-8). Suppose l*r - 3*h - 822 = 0, 5*h - 35 + 580 = 2*r. What is the greatest common factor of r and 25?
25
Let y(s) = -2*s - 6. Let l be y(-3). Suppose -191*a + 189*a + 894 = l. Suppose -8*r + a + 777 = 0. Calculate the highest common factor of r and 17.
17
Let o(n) = 28*n**2 - n - 1. Let c = 99 - 96. Let s be c - 1 - (-5 + 6). Let i be o(s). What is the greatest common divisor of 13 and i?
13
Suppose 4*r + 19 = 3*n, -2*n - 2*n = 4*r - 16. Let v(k) = 4*k - 6. Let j be v(n). Calculate the greatest common factor of j and 350.
14
Suppose 0 = 4*q - 24 - 20. Suppose 0 = 4*o - q + 3. Let f = o - -32. Calculate the greatest common factor of 85 and f.
17
Let i be (2/(-1))/(-2) + -8 + -17. Let m be (i/(-10))/(-4 - 126/(-30)). Suppose -9*z - 24 = -m*z. What is the greatest common factor of z and 72?
8
Suppose -7*y = 22 - 36. Suppose -y*q + 132 = 3*n + q, 3*n - 120 = q. What is the highest common divisor of n and 369?
41
Let v(t) = t**3 + 10*t**2 + 16*t - 3. Let a be v(-8). Let m(y) = -y**3 + 4*y**2 + 6*y + 9. Let k be m(a). Calculate the greatest common divisor of k and 162.
54
Let a be 18/135 + 836/30. Suppose -r + a + 9 = w, -2*w + 69 = r. Let k = -149 - -277. Calculate the greatest common divisor of w and k.
32
Let s be ((-378)/14)/(3/(-9)). Suppose -s*g + 270 = -27*g. Let x(f) = 8*f**2 - 3*f - 1. Let a be x(-3). What is the highest common factor of a and g?
5
Suppose 0 = -3*q - 2*y - 176, q - 10*y + 6*y + 68 = 0. Let v = -32 - q. Calculate the highest common factor of 7 and v.
7
Suppose -m - 4 = -2*q - 21, -5*m + 25 = 5*q. Let f = m - -6. Suppose 37*x + 353 = 19*x + 1163. What is the greatest common divisor of x and f?
15
Suppose 69*j - 22176 = -107*j. What is the highest common factor of j and 1260?
126
Let t be (((-55)/(-11))/(-20))/((-2)/24). Suppose 0*r = 3*r. Suppose -t*i + m + 52 = r, -3*i = i - m - 70. What is the greatest common divisor of 42 and i?
6
Suppose -2*q - 7 = 1. Let b be (-19)/q + 8/32. Suppose -5*m + b*x + 10 = 0, -4*m + 4 = -m - 4*x. Calculate the highest common factor of 16 and m.
4
Suppose 2*r - 33 = z, -362*z + 367*z + 57 = 4*r. What is the greatest common factor of 9900 and r?
18
Let z = 226 + -22. Let i = -194 + z. Let a(k) = 39*k + 2. Let c be a(2). What is the greatest common factor of c and i?
10
Let x be 2 - ((-26)/39)/(4/18). Suppose -1986 = -4*k + 5*s, k + 2*k - x*s = 1492. What is the highest common divisor of 13 and k?
13
Suppose 0 = -3*n + x + 35, -2*n - 5*x - 66 + 61 = 0. What is the highest common factor of 5330 and n?
10
Suppose -4*x + 49 = 201. Let j = x + 59. Calculate the greatest common factor of 28 and j.
7
Let v = 95 + -81. Suppose -18*a + 20 = -v*a. Let o be a*(-35)/(-50)*4/7. What is the greatest common divisor of 16 and o?
2
Let i(a) = -a**3 - a**2 - a - 1. Let r be i(-2). Suppose -r*x = -3*q + 43, -2*q + x - 33 + 50 = 0. Calculate the highest common divisor of 22 and q.
2
Suppose -6*b + 14*b - 13*b + 55 = 0. Calculate the highest common divisor of b and 263.
1
Suppose -15693 = -5*x - 2*n, -4*x - 15*n = -12*n - 12553. What is the highest common divisor of 86 and x?
43
Suppose -8595 = -10*j + 29215. What is the greatest common divisor of j and 398?
199
Let v be 12/3*1 + -2 - -3355. Calculate the highest common divisor of v and 18.
9
Let o be (17 - 23) + 11 + 0. Suppose 2*x = 61 + o. What is the highest common divisor of 12 and x?
3
Suppose 23002 = -6*k + 37*k. What is the greatest common factor of k and 2?
2
Suppose 5*v = t - 89, 4*t - v - 4*v = 296. What is the greatest common factor of t and 2070?
69
Suppose -4*q + 42902 = -s, -2*q - 67*s = -63*s - 21442. Calculate the highest common divisor of 330 and q.
165
Suppose r - z - 16 - 63 = 0, 2*z + 383 = 5*r. Suppose -4*m + r + 85 = 0. Let o = -314 + 330. What is the highest common factor of m and o?
8
Let u(h) = -h**3 - h. Let s be u(-4). Suppose i + o + 87 - 179 = 0, 490 = 5*i + 2*o. Calculate the greatest common divisor of s and i.
34
Let r = -812 - -836. What is the greatest common factor of 150 and r?
6
Suppose 5*f - 6639 = 3261. What is the highest common factor of 12 and f?
12
Let w = -168 - -243. Suppose -r - 369 = -6*f, -11*r = -2*f - 8*r + 147. What is the greatest common divisor of w and f?
15
Let v = 238 + -227. Suppose v = -4*l + 19. What is the highest common factor of 32 and l?
2
Let v = -1895 + 3572. What is the greatest common factor of 645 and v?
129
Let p be 2 - (-33)/(-18) - 3165/(-18). Suppose 3*r + 138 = 3*d, 23 = 2*d - 5*r - 75. Calculate the greatest common divisor of p and d.
44
Suppose -222*z + 99 = 156 - 4053. Calculate the highest common divisor of z and 279.
9
Suppose 0 = 5*v + 10, -13 = d - v - 23. What is the highest common factor of 10616 and d?
8
Let w be (244/80 + (-3)/12)*5. Suppose 0 = 2*l - 3*l - 42. Let b be (20/w)/((-3)/l). What is the greatest common factor of b and 180?
20
Let p = -219 - -224. Let u(r) = -r**3 + 6*r**2 + r - 10. Let l be u(p). Calculate the greatest common divisor of l and 370.
10
Let m = -136 - -166. Suppose m*b + 22 = 41*b. Calculate the greatest common factor of b and 22.
2
Suppose 7*t - 14*t = -49. Suppose 40 - 96 = -t*x. Calculate the greatest common factor of 6 and x.
2
Suppose 70*s - 22240 - 176840 = 0. What is the highest common divisor of 36 and s?
36
Suppose -s - 167 = 3*w - 3*s, 2*w + 4*s = -138. Let b = w + 4. Let o = b + 58. Calculate the greatest common factor of 12 and o.
3
Let x(w) = -4*w**3 - 12*w**2 + 14*w + 10. Let o be x(-4). What is the highest common divisor of 150 and o?
6
Suppose 50785 = 101*f + 11406 - 13949. What is the greatest common divisor of 64 and f?
16
Suppose 0 = -6*g + 3006 - 2526. Let r = 20 + -16. Suppose n + r = 14. What is the highest common divisor of n and g?
10
Let v be ((-161)/(-6) + 4/(-12))*(-4982)/(-53). What is the greatest common factor of 94 and v?
47
Let t(a) be the second derivative of a**4/12 + 2*a**2 + 10*a + 1. Let n be t(-2). Calculate the highest common factor of n and 88.
8
Suppose 0 = -w - 5*b + 40, -80 = -3*w - 2*b - 3*b. Let z = 18 - 13. Suppose -32 = -z*j + 118. What is the highest common divisor of w and j?
10
Let r = 51619 - 51597. Supp